{"id":2677,"date":"2022-01-25T20:21:27","date_gmt":"2022-01-25T19:21:27","guid":{"rendered":"https:\/\/www.jwinfo.ch\/temoins-de-jehovah\/?page_id=2677"},"modified":"2025-02-11T21:01:37","modified_gmt":"2025-02-11T20:01:37","slug":"liens-externes","status":"publish","type":"page","link":"https:\/\/www.jwinfo.ch\/temoins-de-jehovah\/liens-utiles\/liens-externes\/","title":{"rendered":"Liens externes"},"content":{"rendered":"\n<h2 class=\"wp-block-heading\">Sites suisses<\/h2>\n\n\n\n<p><a href=\"http:\/\/www.ex-temoinsdejehovah.org\/\" target=\"_blank\" rel=\"noreferrer noopener\">http:\/\/www.ex-temoinsdejehovah.org<\/a><\/p>\n\n\n\n<p><a href=\"http:\/\/www.brooklyntower.com\/\" target=\"_blank\" rel=\"noreferrer noopener\">http:\/\/www.brooklyntower.com\/<\/a><\/p>\n\n\n\n<h2 class=\"wp-block-heading\">Sites multilingues<\/h2>\n\n\n\n<p><a href=\"https:\/\/jwfacts.com\/\" target=\"_blank\" rel=\"noreferrer noopener\">https:\/\/jwfacts.com\/<\/a> (le plus complet et factuel)<\/p>\n\n\n\n<p><a href=\"https:\/\/www.verdadtj.com\/\" target=\"_blank\" rel=\"noreferrer noopener\">https:\/\/www.verdadtj.com\/<\/a> (traduction en espagnol de jwfacts.com)<\/p>\n\n\n\n<p><a href=\"https:\/\/stopmandatedshunning.org\" target=\"_blank\" rel=\"noreferrer noopener\">https:\/\/stopmandatedshunning.org<\/a> (campagne internationale pour mettre fin \u00e0 l&rsquo;exclusion obligatoire)<\/p>\n\n\n\n<h2 class=\"wp-block-heading\">Biblioth\u00e8ques multilingues<\/h2>\n\n\n\n<p><a href=\"https:\/\/avoidjw.org\/\" target=\"_blank\" rel=\"noreferrer noopener\">https:\/\/avoidjw.org\/<\/a><\/p>\n\n\n\n<p><a href=\"http:\/\/www.watchtowerwayback.org\/\" target=\"_blank\" rel=\"noreferrer noopener\">http:\/\/www.watchtowerwayback.org\/<\/a><\/p>\n\n\n\n<h2 class=\"wp-block-heading\">Biblioth\u00e8que compl\u00e8te en anglais<\/h2>\n\n\n\n<p><a href=\"https:\/\/jws-library.one\" target=\"_blank\" rel=\"noreferrer noopener\">https:\/\/jws-library.one<\/a><\/p>\n\n\n\n<h2 class=\"wp-block-heading\">Sites fran\u00e7ais<\/h2>\n\n\n\n<p><a href=\"https:\/\/www.watchtowerlies.com\/\" target=\"_blank\" rel=\"noreferrer noopener\">https:\/\/www.watchtowerlies.com\/<\/a><\/p>\n\n\n\n<p><a href=\"https:\/\/www.jw-verite.org\/\" target=\"_blank\" rel=\"noreferrer noopener\">https:\/\/www.jw-verite.org\/<\/a> (avec un point de vue chr\u00e9tien)<\/p>\n\n\n\n<p><a href=\"https:\/\/www.unadfi.org\/mot-clef\/temoins-de-jehovah\/\" target=\"_blank\" rel=\"noreferrer noopener\">https:\/\/www.unadfi.org\/mot-clef\/temoins-de-jehovah\/<\/a><\/p>\n\n\n\n<h2 class=\"wp-block-heading\">Sites en anglais<\/h2>\n\n\n\n<p><a href=\"https:\/\/jw.support\/\" target=\"_blank\" rel=\"noreferrer noopener\">https:\/\/jw.support\/<\/a><\/p>\n\n\n\n<p>Voir aussi les liens sur la page d\u00e9di\u00e9e aux <a href=\"https:\/\/www.jwinfo.ch\/temoins-de-jehovah\/communautes\/\">communaut\u00e9s<\/a>.<\/p>\n\n\n\n<hr class=\"wp-block-separator has-css-opacity\"\/>\n\n\n\n<p><a href=\"https:\/\/www.jwinfo.ch\/temoins-de-jehovah\/blog\/\">Continuer avec le blog<\/a><\/p>\n","protected":false},"excerpt":{"rendered":"<p>Sites suisses http:\/\/www.ex-temoinsdejehovah.org http:\/\/www.brooklyntower.com\/ Sites multilingues https:\/\/jwfacts.com\/ (le plus complet et factuel) https:\/\/www.verdadtj.com\/ (traduction en espagnol de jwfacts.com) https:\/\/stopmandatedshunning.org (campagne internationale pour mettre fin \u00e0<\/p>\n","protected":false},"author":1,"featured_media":4277,"parent":41,"menu_order":0,"comment_status":"closed","ping_status":"closed","template":"","meta":{"footnotes":""},"ppma_author":[69],"class_list":["post-2677","page","type-page","status-publish","has-post-thumbnail","hentry","author-chris"],"yoast_head":"<!-- This site is optimized with the Yoast SEO plugin v27.4 - https:\/\/yoast.com\/product\/yoast-seo-wordpress\/ -->\n<title>Liens externes sur les T\u00e9moins de J\u00e9hovah<\/title>\n<meta name=\"description\" content=\"Vous trouverez ici quelques liens externes de Suisse et d&#039;autres pays sur les T\u00e9moins de J\u00e9hovah\" \/>\n<meta name=\"robots\" content=\"index, follow, max-snippet:-1, max-image-preview:large, max-video-preview:-1\" \/>\n<link rel=\"canonical\" href=\"https:\/\/www.jwinfo.ch\/temoins-de-jehovah\/liens-utiles\/liens-externes\/\" \/>\n<meta property=\"og:locale\" content=\"fr_FR\" \/>\n<meta property=\"og:type\" content=\"article\" \/>\n<meta property=\"og:title\" content=\"Liens externes sur les T\u00e9moins de J\u00e9hovah\" \/>\n<meta property=\"og:description\" content=\"Vous trouverez ici quelques liens externes de Suisse et d&#039;autres pays sur les T\u00e9moins de J\u00e9hovah\" \/>\n<meta property=\"og:url\" content=\"https:\/\/www.jwinfo.ch\/temoins-de-jehovah\/liens-utiles\/liens-externes\/\" \/>\n<meta property=\"og:site_name\" content=\"JW info\" \/>\n<meta property=\"article:modified_time\" content=\"2025-02-11T20:01:37+00:00\" \/>\n<meta property=\"og:image\" content=\"https:\/\/www.jwinfo.ch\/wp-content\/uploads\/2023\/03\/liens_externes.png\" \/>\n\t<meta property=\"og:image:width\" content=\"1200\" \/>\n\t<meta property=\"og:image:height\" content=\"628\" \/>\n\t<meta property=\"og:image:type\" content=\"image\/png\" \/>\n<meta name=\"twitter:card\" content=\"summary_large_image\" \/>\n<meta name=\"twitter:title\" content=\"Liens externes sur les T\u00e9moins de J\u00e9hovah\" \/>\n<meta name=\"twitter:description\" content=\"Vous trouverez ici quelques liens externes de Suisse et d&#039;autres pays sur les T\u00e9moins de J\u00e9hovah\" \/>\n<meta name=\"twitter:image\" content=\"https:\/\/www.jwinfo.ch\/wp-content\/uploads\/2023\/03\/liens_externes.png\" \/>\n<meta name=\"twitter:label1\" content=\"Dur\u00e9e de lecture estim\u00e9e\" \/>\n\t<meta name=\"twitter:data1\" content=\"1 minute\" \/>\n<script type=\"application\/ld+json\" class=\"yoast-schema-graph\">{\"@context\":\"https:\\\/\\\/schema.org\",\"@graph\":[{\"@type\":\"WebPage\",\"@id\":\"https:\\\/\\\/www.jwinfo.ch\\\/temoins-de-jehovah\\\/liens-utiles\\\/liens-externes\\\/\",\"url\":\"https:\\\/\\\/www.jwinfo.ch\\\/temoins-de-jehovah\\\/liens-utiles\\\/liens-externes\\\/\",\"name\":\"Liens externes sur les T\u00e9moins de J\u00e9hovah\",\"isPartOf\":{\"@id\":\"https:\\\/\\\/www.jwinfo.ch\\\/temoins-de-jehovah\\\/#website\"},\"primaryImageOfPage\":{\"@id\":\"https:\\\/\\\/www.jwinfo.ch\\\/temoins-de-jehovah\\\/liens-utiles\\\/liens-externes\\\/#primaryimage\"},\"image\":{\"@id\":\"https:\\\/\\\/www.jwinfo.ch\\\/temoins-de-jehovah\\\/liens-utiles\\\/liens-externes\\\/#primaryimage\"},\"thumbnailUrl\":\"https:\\\/\\\/www.jwinfo.ch\\\/wp-content\\\/uploads\\\/2023\\\/03\\\/liens_externes.png\",\"datePublished\":\"2022-01-25T19:21:27+00:00\",\"dateModified\":\"2025-02-11T20:01:37+00:00\",\"description\":\"Vous trouverez ici quelques liens externes de Suisse et d'autres pays sur les T\u00e9moins de J\u00e9hovah\",\"breadcrumb\":{\"@id\":\"https:\\\/\\\/www.jwinfo.ch\\\/temoins-de-jehovah\\\/liens-utiles\\\/liens-externes\\\/#breadcrumb\"},\"inLanguage\":\"fr-FR\",\"potentialAction\":[{\"@type\":\"ReadAction\",\"target\":[\"https:\\\/\\\/www.jwinfo.ch\\\/temoins-de-jehovah\\\/liens-utiles\\\/liens-externes\\\/\"]}]},{\"@type\":\"ImageObject\",\"inLanguage\":\"fr-FR\",\"@id\":\"https:\\\/\\\/www.jwinfo.ch\\\/temoins-de-jehovah\\\/liens-utiles\\\/liens-externes\\\/#primaryimage\",\"url\":\"https:\\\/\\\/www.jwinfo.ch\\\/wp-content\\\/uploads\\\/2023\\\/03\\\/liens_externes.png\",\"contentUrl\":\"https:\\\/\\\/www.jwinfo.ch\\\/wp-content\\\/uploads\\\/2023\\\/03\\\/liens_externes.png\",\"width\":1200,\"height\":628,\"caption\":\"Liens externes sur les T\u00e9moins de J\u00e9hovah\"},{\"@type\":\"BreadcrumbList\",\"@id\":\"https:\\\/\\\/www.jwinfo.ch\\\/temoins-de-jehovah\\\/liens-utiles\\\/liens-externes\\\/#breadcrumb\",\"itemListElement\":[{\"@type\":\"ListItem\",\"position\":1,\"name\":\"Accueil\",\"item\":\"https:\\\/\\\/www.jwinfo.ch\\\/temoins-de-jehovah\\\/\"},{\"@type\":\"ListItem\",\"position\":2,\"name\":\"Liens utiles\",\"item\":\"https:\\\/\\\/www.jwinfo.ch\\\/temoins-de-jehovah\\\/liens-utiles\\\/\"},{\"@type\":\"ListItem\",\"position\":3,\"name\":\"Liens externes\"}]},{\"@type\":\"WebSite\",\"@id\":\"https:\\\/\\\/www.jwinfo.ch\\\/temoins-de-jehovah\\\/#website\",\"url\":\"https:\\\/\\\/www.jwinfo.ch\\\/temoins-de-jehovah\\\/\",\"name\":\"JW info\",\"description\":\"Des faits pour comprendre l&#039;organisation et la doctrine des T\u00e9moins de J\u00e9hovah\",\"publisher\":{\"@id\":\"https:\\\/\\\/www.jwinfo.ch\\\/temoins-de-jehovah\\\/#\\\/schema\\\/person\\\/f12be02b67245c15c4aa98d63006b08e\"},\"potentialAction\":[{\"@type\":\"SearchAction\",\"target\":{\"@type\":\"EntryPoint\",\"urlTemplate\":\"https:\\\/\\\/www.jwinfo.ch\\\/temoins-de-jehovah\\\/?s={search_term_string}\"},\"query-input\":{\"@type\":\"PropertyValueSpecification\",\"valueRequired\":true,\"valueName\":\"search_term_string\"}}],\"inLanguage\":\"fr-FR\"},{\"@type\":[\"Person\",\"Organization\"],\"@id\":\"https:\\\/\\\/www.jwinfo.ch\\\/temoins-de-jehovah\\\/#\\\/schema\\\/person\\\/f12be02b67245c15c4aa98d63006b08e\",\"name\":\"John Kucholl\",\"image\":{\"@type\":\"ImageObject\",\"inLanguage\":\"fr-FR\",\"@id\":\"https:\\\/\\\/secure.gravatar.com\\\/avatar\\\/f888e098f40f239395aac1fa5786df248e31c63f52895b4e4306f61faf896cf2?s=96&d=retro&r=g\",\"url\":\"https:\\\/\\\/secure.gravatar.com\\\/avatar\\\/f888e098f40f239395aac1fa5786df248e31c63f52895b4e4306f61faf896cf2?s=96&d=retro&r=g\",\"contentUrl\":\"https:\\\/\\\/secure.gravatar.com\\\/avatar\\\/f888e098f40f239395aac1fa5786df248e31c63f52895b4e4306f61faf896cf2?s=96&d=retro&r=g\",\"caption\":\"John Kucholl\"},\"logo\":{\"@id\":\"https:\\\/\\\/secure.gravatar.com\\\/avatar\\\/f888e098f40f239395aac1fa5786df248e31c63f52895b4e4306f61faf896cf2?s=96&d=retro&r=g\"}}]}<\/script>\n<!-- \/ Yoast SEO plugin. -->","yoast_head_json":{"title":"Liens externes sur les T\u00e9moins de J\u00e9hovah","description":"Vous trouverez ici quelques liens externes de Suisse et d'autres pays sur les T\u00e9moins de J\u00e9hovah","robots":{"index":"index","follow":"follow","max-snippet":"max-snippet:-1","max-image-preview":"max-image-preview:large","max-video-preview":"max-video-preview:-1"},"canonical":"https:\/\/www.jwinfo.ch\/temoins-de-jehovah\/liens-utiles\/liens-externes\/","og_locale":"fr_FR","og_type":"article","og_title":"Liens externes sur les T\u00e9moins de J\u00e9hovah","og_description":"Vous trouverez ici quelques liens externes de Suisse et d'autres pays sur les T\u00e9moins de J\u00e9hovah","og_url":"https:\/\/www.jwinfo.ch\/temoins-de-jehovah\/liens-utiles\/liens-externes\/","og_site_name":"JW info","article_modified_time":"2025-02-11T20:01:37+00:00","og_image":[{"width":1200,"height":628,"url":"https:\/\/www.jwinfo.ch\/wp-content\/uploads\/2023\/03\/liens_externes.png","type":"image\/png"}],"twitter_card":"summary_large_image","twitter_title":"Liens externes sur les T\u00e9moins de J\u00e9hovah","twitter_description":"Vous trouverez ici quelques liens externes de Suisse et d'autres pays sur les T\u00e9moins de J\u00e9hovah","twitter_image":"https:\/\/www.jwinfo.ch\/wp-content\/uploads\/2023\/03\/liens_externes.png","twitter_misc":{"Dur\u00e9e de lecture estim\u00e9e":"1 minute"},"schema":{"@context":"https:\/\/schema.org","@graph":[{"@type":"WebPage","@id":"https:\/\/www.jwinfo.ch\/temoins-de-jehovah\/liens-utiles\/liens-externes\/","url":"https:\/\/www.jwinfo.ch\/temoins-de-jehovah\/liens-utiles\/liens-externes\/","name":"Liens externes sur les T\u00e9moins de J\u00e9hovah","isPartOf":{"@id":"https:\/\/www.jwinfo.ch\/temoins-de-jehovah\/#website"},"primaryImageOfPage":{"@id":"https:\/\/www.jwinfo.ch\/temoins-de-jehovah\/liens-utiles\/liens-externes\/#primaryimage"},"image":{"@id":"https:\/\/www.jwinfo.ch\/temoins-de-jehovah\/liens-utiles\/liens-externes\/#primaryimage"},"thumbnailUrl":"https:\/\/www.jwinfo.ch\/wp-content\/uploads\/2023\/03\/liens_externes.png","datePublished":"2022-01-25T19:21:27+00:00","dateModified":"2025-02-11T20:01:37+00:00","description":"Vous trouverez ici quelques liens externes de Suisse et d'autres pays sur les T\u00e9moins de J\u00e9hovah","breadcrumb":{"@id":"https:\/\/www.jwinfo.ch\/temoins-de-jehovah\/liens-utiles\/liens-externes\/#breadcrumb"},"inLanguage":"fr-FR","potentialAction":[{"@type":"ReadAction","target":["https:\/\/www.jwinfo.ch\/temoins-de-jehovah\/liens-utiles\/liens-externes\/"]}]},{"@type":"ImageObject","inLanguage":"fr-FR","@id":"https:\/\/www.jwinfo.ch\/temoins-de-jehovah\/liens-utiles\/liens-externes\/#primaryimage","url":"https:\/\/www.jwinfo.ch\/wp-content\/uploads\/2023\/03\/liens_externes.png","contentUrl":"https:\/\/www.jwinfo.ch\/wp-content\/uploads\/2023\/03\/liens_externes.png","width":1200,"height":628,"caption":"Liens externes sur les T\u00e9moins de J\u00e9hovah"},{"@type":"BreadcrumbList","@id":"https:\/\/www.jwinfo.ch\/temoins-de-jehovah\/liens-utiles\/liens-externes\/#breadcrumb","itemListElement":[{"@type":"ListItem","position":1,"name":"Accueil","item":"https:\/\/www.jwinfo.ch\/temoins-de-jehovah\/"},{"@type":"ListItem","position":2,"name":"Liens utiles","item":"https:\/\/www.jwinfo.ch\/temoins-de-jehovah\/liens-utiles\/"},{"@type":"ListItem","position":3,"name":"Liens externes"}]},{"@type":"WebSite","@id":"https:\/\/www.jwinfo.ch\/temoins-de-jehovah\/#website","url":"https:\/\/www.jwinfo.ch\/temoins-de-jehovah\/","name":"JW info","description":"Des faits pour comprendre l&#039;organisation et la doctrine des T\u00e9moins de J\u00e9hovah","publisher":{"@id":"https:\/\/www.jwinfo.ch\/temoins-de-jehovah\/#\/schema\/person\/f12be02b67245c15c4aa98d63006b08e"},"potentialAction":[{"@type":"SearchAction","target":{"@type":"EntryPoint","urlTemplate":"https:\/\/www.jwinfo.ch\/temoins-de-jehovah\/?s={search_term_string}"},"query-input":{"@type":"PropertyValueSpecification","valueRequired":true,"valueName":"search_term_string"}}],"inLanguage":"fr-FR"},{"@type":["Person","Organization"],"@id":"https:\/\/www.jwinfo.ch\/temoins-de-jehovah\/#\/schema\/person\/f12be02b67245c15c4aa98d63006b08e","name":"John Kucholl","image":{"@type":"ImageObject","inLanguage":"fr-FR","@id":"https:\/\/secure.gravatar.com\/avatar\/f888e098f40f239395aac1fa5786df248e31c63f52895b4e4306f61faf896cf2?s=96&d=retro&r=g","url":"https:\/\/secure.gravatar.com\/avatar\/f888e098f40f239395aac1fa5786df248e31c63f52895b4e4306f61faf896cf2?s=96&d=retro&r=g","contentUrl":"https:\/\/secure.gravatar.com\/avatar\/f888e098f40f239395aac1fa5786df248e31c63f52895b4e4306f61faf896cf2?s=96&d=retro&r=g","caption":"John Kucholl"},"logo":{"@id":"https:\/\/secure.gravatar.com\/avatar\/f888e098f40f239395aac1fa5786df248e31c63f52895b4e4306f61faf896cf2?s=96&d=retro&r=g"}}]}},"_links":{"self":[{"href":"https:\/\/www.jwinfo.ch\/temoins-de-jehovah\/wp-json\/wp\/v2\/pages\/2677","targetHints":{"allow":["GET"]}}],"collection":[{"href":"https:\/\/www.jwinfo.ch\/temoins-de-jehovah\/wp-json\/wp\/v2\/pages"}],"about":[{"href":"https:\/\/www.jwinfo.ch\/temoins-de-jehovah\/wp-json\/wp\/v2\/types\/page"}],"author":[{"embeddable":true,"href":"https:\/\/www.jwinfo.ch\/temoins-de-jehovah\/wp-json\/wp\/v2\/users\/1"}],"replies":[{"embeddable":true,"href":"https:\/\/www.jwinfo.ch\/temoins-de-jehovah\/wp-json\/wp\/v2\/comments?post=2677"}],"version-history":[{"count":23,"href":"https:\/\/www.jwinfo.ch\/temoins-de-jehovah\/wp-json\/wp\/v2\/pages\/2677\/revisions"}],"predecessor-version":[{"id":12940,"href":"https:\/\/www.jwinfo.ch\/temoins-de-jehovah\/wp-json\/wp\/v2\/pages\/2677\/revisions\/12940"}],"up":[{"embeddable":true,"href":"https:\/\/www.jwinfo.ch\/temoins-de-jehovah\/wp-json\/wp\/v2\/pages\/41"}],"wp:featuredmedia":[{"embeddable":true,"href":"https:\/\/www.jwinfo.ch\/temoins-de-jehovah\/wp-json\/wp\/v2\/media\/4277"}],"wp:attachment":[{"href":"https:\/\/www.jwinfo.ch\/temoins-de-jehovah\/wp-json\/wp\/v2\/media?parent=2677"}],"wp:term":[{"taxonomy":"author","embeddable":true,"href":"https:\/\/www.jwinfo.ch\/temoins-de-jehovah\/wp-json\/wp\/v2\/ppma_author?post=2677"}],"curies":[{"name":"wp","href":"https:\/\/api.w.org\/{rel}","templated":true}]}}